ded by 571?
520
What is the remainder when 18221 is divided by 72?
5
What is the remainder when 133968 is divided by 411?
393
What is the remainder when 3432310 is divided by 456?
454
What is the remainder when 4863 is divided by 1613?
24
Calculate the remainder when 5403 is divided by 53.
50
Calculate the remainder when 4131 is divided by 1784.
563
What is the remainder when 1143 is divided by 26?
25
What is the remainder when 18950 is divided by 12?
2
Calculate the remainder when 9308 is divided by 59.
45
What is the remainder when 28655 is divided by 315?
305
What is the remainder when 17703 is divided by 41?
32
Calculate the remainder when 360855 is divided by 172.
171
What is the remainder when 1235 is divided by 578?
79
Calculate the remainder when 410722 is divided by 175.
172
Calculate the remainder when 2979 is divided by 1439.
101
What is the remainder when 103486 is divided by 98?
96
Calculate the remainder when 421720 is divided by 54.
34
Calculate the remainder when 1474 is divided by 30.
4
Calculate the remainder when 41810 is divided by 46.
42
What is the remainder when 1869 is divided by 370?
19
Calculate the remainder when 1288867 is divided by 429618.
13
Calculate the remainder when 72162 is divided by 7980.
342
Calculate the remainder when 26404 is divided by 12873.
658
Calculate the remainder when 1520523 is divided by 513.
504
What is the remainder when 188525 is divided by 26?
25
What is the remainder when 349055 is divided by 24?
23
Calculate the remainder when 5688 is divided by 1077.
303
Calculate the remainder when 11213 is divided by 496.
301
Calculate the remainder when 2032 is divided by 859.
314
Calculate the remainder when 146329 is divided by 1951.
4
Calculate the remainder when 327737 is divided by 138.
125
What is the remainder when 229 is divided by 225?
4
Calculate the remainder when 5688 is divided by 1115.
113
What is the remainder when 5847 is divided by 1400?
247
Calculate the remainder when 2449 is divided by 1480.
969
What is the remainder when 10169 is divided by 598?
3
Calculate the remainder when 2961 is divided by 71.
50
What is the remainder when 7834 is divided by 1710?
994
Calculate the remainder when 11249 is divided by 9.
8
What is the remainder when 41636 is divided by 4162?
16
What is the remainder when 3802 is divided by 321?
271
What is the remainder when 58310 is divided by 21?
14
What is the remainder when 8880 is divided by 2959?
3
What is the remainder when 5646 is divided by 16?
14
What is the remainder when 1675 is divided by 196?
107
What is the remainder when 147401 is divided by 488?
25
What is the remainder when 661 is divided by 56?
45
What is the remainder when 1178926 is divided by 147364?
14
Calculate the remainder when 12010 is divided by 87.
4
What is the remainder when 109356 is divided by 198?
60
Calculate the remainder when 25814 is divided by 2576.
54
Calculate the remainder when 827561 is divided by 76.
73
Calculate the remainder when 1607153 is divided by 5887.
2
What is the remainder when 6213 is divided by 1520?
133
What is the remainder when 333322 is divided by 111106?
4
What is the remainder when 3319 is divided by 860?
739
What is the remainder when 273478 is divided by 430?
428
What is the remainder when 25126 is divided by 153?
34
Calculate the remainder when 864848 is divided by 388.
384
Calculate the remainder when 125860 is divided by 66.
64
What is the remainder when 33937 is divided by 576?
529
What is the remainder when 30320 is divided by 3032?
0
What is the remainder when 61443 is divided by 158?
139
Calculate the remainder when 375070 is divided by 167.
155
Calculate the remainder when 2533 is divided by 29.
10
Calculate the remainder when 41276 is divided by 215.
211
Calculate the remainder when 16702 is divided by 12.
10
What is the remainder when 721917 is divided by 376?
373
Calculate the remainder when 680883 is divided by 45.
33
Calculate the remainder when 2604 is divided by 432.
12
What is the remainder when 1179 is divided by 74?
69
What is the remainder when 20411 is divided by 486?
485
Calculate the remainder when 568678 is divided by 140.
138
Calculate the remainder when 42317 is divided by 16.
13
What is the remainder when 156600 is divided by 6?
0
What is the remainder when 4621 is divided by 38?
23
What is the remainder when 76717 is divided by 126?
109
Calculate the remainder when 7415 is divided by 134.
45
Calculate the remainder when 3935 is divided by 3901.
34
What is the remainder when 68923 is divided by 344?
123
Calculate the remainder when 2905 is divided by 381.
238
Calculate the remainder when 1458 is divided by 1451.
7
What is the remainder when 5530 is divided by 65?
5
Calculate the remainder when 97 is divided by 3.
1
What is the remainder when 2521 is divided by 809?
94
What is the remainder when 13556 is divided by 651?
536
What is the remainder when 20434 is divided by 23?
10
What is the remainder when 7650 is divided by 1526?
20
What is the remainder when 4902 is divided by 449?
412
Calculate the remainder when 7817 is divided by 712.
697
Calculate the remainder when 32124 is divided by 277.
269
What is the remainder when 51115 is divided by 51096?
19
Calculate the remainder when 42488 is divided by 471.
98
What is the remainder when 39035 is divided by 430?
335
Calculate the remainder when 6998 is divided by 3.
2
Calculate the remainder when 2725 is divided by 2.
1
What is the remainder when 17000 is divided by 1531?
159
What is the remainder when 93358 is divided by 170?
28
Calculate the remainder when 5015 is divided by 278.
11
Calculate the remainder when 708860 is divided by 105.
5
What is the remainder when 13556 is divided by 790?
126
Calculate the remainder when 313947 is divided by 182.
179
Calculate the remainder when 2269467 is divided by 14.
11
What is the remainder when 51846 is divided by 133?
109
What is the remainder when 6601 is divided by 1016?
505
What is the remainder when 66358 is divided by 7?
5
What is the remainder when 82565 is divided by 27446?
227
What is the remainder when 30078 is divided by 3342?
0
What is the remainder when 16833 is divided by 13?
11
Calculate the remainder when 1581 is divided by 619.
343
Calculate the remainder when 1296130 is divided by 210.
10
What is the remainder when 18029 is divided by 5938?
215
What is the remainder when 23659 is divided by 23?
15
What is the remainder when 20977 is divided by 37?
35
Calculate the remainder when 15839 is divided by 5277.
8
What is the remainder when 3288023 is divided by 28?
11
What is the remainder when 28834 is divided by 73?
72
What is the remainder when 134600 is divided by 31?
29
What is the remainder when 49730 is divided by 24860?
10
Calculate the remainder when 315431 is divided by 73.
71
Calculate the remainder when 4926 is divided by 9.
3
Calculate the remainder when 1532 is divided by 127.
8
Calculate the remainder when 4066 is divided by 165.
106
What is the remainder when 3140 is divided by 159?
119
What is the remainder when 23638 is divided by 5894?
62
Calculate the remainder when 9829 is divided by 3238.
115
Calculate the remainder when 266645 is divided by 17776.
5
Calculate the remainder when 17288 is divided by 116.
4
Calculate the remainder when 154520 is divided by 291.
290
What is the remainder when 25224 is divided by 45?
24
What is the remainder when 80499 is divided by 26734?
297
Calculate the remainder when 230427 is divided by 30.
27
Calculate the remainder when 92555 is divided by 535.
0
What is the remainder when 11485 is divided by 142?
125
Calculate the remainder when 472274 is divided by 334.
332
What is the remainder when 8333 is divided by 8299?
34
What is the remainder when 10294 is divided by 101?
93
Calculate the remainder when 4434653 is divided by 751.
749
What is the remainder when 2447 is divided by 12?
11
Calculate the remainder when 917873 is divided by 175.
173
What is the remainder when 15774 is divided by 1314?
6
What is the remainder when 16162 is divided by 190?
12
Calculate the remainder when 657065 is divided by 2808.
2801
What is the remainder when 47597 is divided by 80?
77
What is the remainder when 4524 is divided by 4516?
8
What is the remainder when 8922 is divided by 86